{"id":348,"date":"2020-07-07T14:01:54","date_gmt":"2020-07-07T07:01:54","guid":{"rendered":"http:\/\/vinhpharma.com\/?post_type=product&#038;p=348"},"modified":"2025-05-10T11:11:36","modified_gmt":"2025-05-10T04:11:36","slug":"duong-nhan-linh-dan","status":"publish","type":"product","link":"https:\/\/vinhpharma.com\/?product=duong-nhan-linh-dan","title":{"rendered":"D\u01b0\u1ee1ng Nhan Linh \u0110an"},"content":{"rendered":"<p style=\"text-align: left;\">S\u1ed1 c\u00f4ng b\u1ed1: 6514\/20\/ CBMP-HN<br \/>\nTh\u00e0nh ph\u1ea7n: D\u1ecbch chi\u1ebft Nh\u00e2n s\u00e2m, D\u1ecbch chi\u1ebft T\u1ecfi \u0111en, D\u1ecbch chi\u1ebft Thi\u00ean m\u00f4n \u0111\u00f4ng, D\u1ecbch chi\u1ebft \u0110\u1ea1i t\u00e1o, D\u1ecbch chi\u1ebft M\u1ea1ch nha, B\u1ed9t d\u01b0\u1ee3c li\u1ec7u \u0110\u1ea1i H\u1ed3i, N\u01b0\u1edbc tinh khi\u1ebft, Carbo<span style=\"font-size: 14.4px;\">mer, Polyacrylate Crosspolymer-6, Nipagin, Nipasol, c\u1ed3n, h\u01b0\u01a1ng li\u1ec7u.<\/span><\/p>\n<p style=\"text-align: left;\">C\u00f4ng d\u1ee5ng;<br \/>\n&#8211; Gi\u00fap s\u00e1ng da, l\u00e0m cho da m\u1ec1m m\u1ea1i m\u1ecbn m\u00e0ng.<br \/>\n&#8211;\u00a0B\u1ea3o v\u1ec7 da, gi\u00fap cho da kh\u1ecfi kh\u00f4 r\u00e1p.<br \/>\n&#8211;\u00a0G\u00f3p ph\u1ea7n ng\u0103n ng\u1eeba: m\u1ee5n tr\u1ee9ng c\u00e1, l\u00e3o h\u00f3a da v\u00e0 c\u00e1c v\u1ebft th\u00e2m, n\u00e1m tr\u00ean da.<br \/>\nH\u01b0\u1edbng d\u1eabn s\u1eed d\u1ee5ng:<br \/>\nR\u1eeda m\u1eb7t nh\u1eb9 nh\u00e0ng b\u1eb1ng n\u01b0\u1edbc, t\u1ed1t nh\u1ea5t l\u00e0 n\u01b0\u1edbc \u1ea5m \u0111\u1ec3 l\u00e0m m\u1ec1m c\u00e1c t\u1ebf b\u00e0o m\u00f4 s\u1eebng tr\u00ean da.<br \/>\n\uf0a9 D\u00f9ng ch\u1ed5i qu\u00e9t nh\u1eb9 nh\u00e0ng m\u1ed9t l\u1edbp gel m\u1eb7t n\u1ea1 l\u00ean da, d\u1ea3i m\u1ecfng \u0111\u1ec1u th\u00e0nh l\u1edbp \u0111\u1ed9 d\u00e0y kho\u1ea3ng 1-2 mm. M\u00e1t xa nh\u1eb9 nh\u00e0ng v\u1edbi l\u1edbp gel kho\u1ea3ng 10-15 ph\u00fat gi\u00fap d\u01b0\u1ee3c ch\u1ea5t \u0111\u01b0\u1ee3c th\u1ea5m s\u00e2u v\u00e0o b\u00ean trong h\u1ec7 vi tu\u1ea7n ho\u00e0n trong da. Ti\u1ebfp t\u1ee5c ph\u1ebft th\u00eam gel l\u00ean da th\u00e0nh l\u1edbp m\u1eb7t n\u1ea1 \u0111\u1ed9 d\u00e0y kho\u1ea3ng 1-2 mm. \u0110\u1ec3 m\u1eb7t n\u1ea1 th\u1ea5m s\u00e2u v\u00e0o trong da tr\u00ean 30 ph\u00fat. Trong qu\u00e1 tr\u00ecnh \u0111\u1eafp m\u1eb7t n\u1ebfu l\u1edbp m\u1eb7t n\u1ea1 b\u1ecb kh\u00f4 c\u00f3 th\u1ec3 d\u00f9ng kh\u0103n \u1ea9m, b\u00f4ng \u1ea9m ho\u1eb7c x\u1ecbt nh\u1eb9 nh\u00e0ng n\u01b0\u1edbc l\u00ean l\u00e0m m\u1eb7t n\u1ea1 \u1ea9m tr\u1edf l\u1ea1i gi\u00fap ho\u1ea1t ch\u1ea5t \u0111\u01b0\u1ee3c th\u1ea5m h\u1ebft v\u00e0o da. Th\u1eddi gian \u0111\u1eafp m\u1eb7t n\u1ea1 c\u00e0ng l\u00e2u d\u01b0\u1ee1ng ch\u1ea5t c\u00e0ng th\u1ea5m s\u00e2u v\u00e0o b\u00ean d\u01b0\u1edbi l\u1edbp da gi\u00fap nu\u00f4i d\u01b0\u1ee1ng h\u1ec7 vi tu\u1ea7n ho\u00e0n d\u01b0\u1edbi da c\u00e0ng t\u1ed1t h\u01a1n, c\u0169ng c\u00f3 th\u1ec3 \u0111\u1ec3 l\u1edbp m\u1eb7t n\u1ea1 \u0111\u00f3 ng\u1ee7 qua \u0111\u00eam v\u00e0 r\u1eeda l\u1ea1i v\u00e0o s\u00e1ng h\u00f4m sau.<br \/>\n\uf0a9 R\u1eeda s\u1ea1ch l\u1ea1i m\u1eb7t b\u1eb1ng n\u01b0\u1edbc.<br \/>\n\uf0a9 Sau khi r\u1eeda c\u00f3 th\u1ec3 b\u00f4i m\u1ed9t l\u1edbp kem, serum gi\u1eef \u1ea9m cho da. KH\u00d4NG n\u00ean b\u00f4i c\u00e1c kem c\u00f3 t\u00e1c d\u1ee5ng l\u00e0m tr\u1eafng ho\u1eb7c t\u1ea9y kh\u00e1c.<br \/>\n\uf0a9 Khi m\u1edbi d\u00f9ng s\u1ea3n ph\u1ea9m n\u00ean \u0111\u1eafp \u00edt nh\u1ea5t m\u1ed7i ng\u00e0y 1 l\u1ea7n \u0111\u1ec3 c\u1ea3m nh\u1eadn s\u1ef1 s\u00e1ng h\u1ed3ng c\u1ee7a l\u00e0n da.<br \/>\nL\u01afU \u00dd: do t\u00e1c d\u1ee5ng ho\u1ea1t huy\u1ebft (t\u0103ng c\u01b0\u1eddng l\u01b0u th\u00f4ng kh\u00ed huy\u1ebft vi tu\u1ea7n ho\u00e0n \u1edf da) c\u1ee7a s\u1ea3n ph\u1ea9m n\u00ean m\u1ed9t s\u1ed1 tr\u01b0\u1eddng h\u1ee3p sau khi \u0111\u1eafp m\u1eb7t n\u1ea1 v\u00e0i ph\u00fat s\u1ebd c\u00f3 c\u1ea3m gi\u00e1c n\u00f3ng nh\u1eb9 d\u01b0\u1edbi da. C\u1ea3m gi\u00e1c n\u00f3ng s\u1ebd m\u1ea5t d\u1ea7n \u0111i \u0111\u1eafp th\u1eddi gian l\u00e2u ho\u1eb7c m\u00e1t xa nh\u1eb9 nh\u00e0ng da m\u1eb7t khi \u0111\u1eafp. L\u1ea7n \u0111\u1ea7u s\u1eed d\u1ee5ng n\u00ean th\u1eed tr\u00ean da \u1edf m\u1eb7t trong c\u1ee7a m\u1ed9t c\u00e1nh tay \u0111\u1ec3 c\u1ea3m nh\u1eadn v\u00e0 so s\u00e1nh tr\u01b0\u1edbc khi th\u1eed tr\u00ean da m\u1eb7t. C\u1ea3nh b\u00e1o: Kh\u00f4ng d\u00f9ng cho ng\u01b0\u1eddi m\u1eabn c\u1ea3m v\u1edbi b\u1ea5t k\u1ef3 th\u00e0nh ph\u1ea7n n\u00e0o c\u1ee7a s\u1ea3n ph\u1ea9m.<br \/>\nB\u1ea3o qu\u1ea3n: N\u01a1i kh\u00f4 m\u00e1t, tr\u00e1nh \u00e1nh s\u00e1ng.<br \/>\nNh\u00e0 s\u1ea3n xu\u1ea5t: C\u00f4ng ty c\u1ed5 ph\u1ea7n H\u00f3a d\u01b0\u1ee3c Vi\u1ec7t Nam<br \/>\n\u0110\u1ecba ch\u1ec9: 192 \u0110\u1ee9c Giang, Ph\u01b0\u1eddng Th\u01b0\u1ee3ng Thanh, qu\u1eadn Long Bi\u00ean, Th\u00e0nh ph\u1ed1 H\u00e0 N\u1ed9i, Vi\u1ec7t Nam<\/p>\n<p style=\"text-align: left;\">S\u1ea3n ph\u1ea9m \u0111\u1ed9c quy\u1ec1n b\u1edfi: C\u00f4ng ty TNHH VINHPHARMA Vi\u1ec7t Nam<br \/>\nTh\u01b0\u01a1ng nh\u00e2n ch\u1ecbu tr\u00e1ch nhi\u1ec7m v\u00e0 ph\u00e2n ph\u1ed1i: C\u00f4ng ty TNHH VINHPHARMA Vi\u1ec7t Nam<\/p>\n<p style=\"text-align: left;\">\u0110\u1ecba ch\u1ec9: S\u1ed1 166, ng\u00f5 211, ph\u1ed1 Kh\u01b0\u01a1ng Trung, ph\u01b0\u1eddng Kh\u01b0\u01a1ng \u0110\u00ecnh, qu\u1eadn Thanh Xu\u00e2n, th\u00e0nh ph\u1ed1 H\u00e0 N\u1ed9i.<br \/>\nCSKH: 0948551092.<\/p>\n","protected":false},"excerpt":{"rendered":"<p style=\"text-align: left;\">Th\u00e0nh ph\u1ea7n: D\u1ecbch chi\u1ebft Nh\u00e2n s\u00e2m, D\u1ecbch chi\u1ebft T\u1ecfi \u0111en, D\u1ecbch chi\u1ebft Thi\u00ean m\u00f4n \u0111\u00f4ng, D\u1ecbch chi\u1ebft \u0110\u1ea1i t\u00e1o, D\u1ecbch chi\u1ebft M\u1ea1ch nha, B\u1ed9t d\u01b0\u1ee3c li\u1ec7u \u0110\u1ea1i H\u1ed3i, N\u01b0\u1edbc tinh khi\u1ebft, Carbo<span style=\"font-size: 14.4px;\">mer, Polyacrylate Crosspolymer-6, Nipagin, Nipasol, c\u1ed3n, h\u01b0\u01a1ng li\u1ec7u.<\/span><\/p>\n<p style=\"text-align: left;\">C\u00f4ng d\u1ee5ng;<br \/>\n&#8211; Gi\u00fap s\u00e1ng da, l\u00e0m cho da m\u1ec1m m\u1ea1i m\u1ecbn m\u00e0ng.<br \/>\n&#8211;\u00a0B\u1ea3o v\u1ec7 da, gi\u00fap cho da kh\u1ecfi kh\u00f4 r\u00e1p.<br \/>\n&#8211;\u00a0G\u00f3p ph\u1ea7n ng\u0103n ng\u1eeba: m\u1ee5n tr\u1ee9ng c\u00e1, l\u00e3o h\u00f3a da v\u00e0 c\u00e1c v\u1ebft th\u00e2m, n\u00e1m tr\u00ean da.<\/p>\n","protected":false},"featured_media":516,"comment_status":"open","ping_status":"closed","template":"","meta":[],"product_brand":[],"product_cat":[69],"product_tag":[71,72,70],"class_list":{"0":"post-348","1":"product","2":"type-product","3":"status-publish","4":"has-post-thumbnail","6":"product_cat-duong-nhan","7":"product_tag-cham-soc-da-mat","8":"product_tag-duong-nhan","9":"product_tag-duongnhanlinhdan","11":"first","12":"instock","13":"shipping-taxable","14":"product-type-simple"},"_links":{"self":[{"href":"https:\/\/vinhpharma.com\/index.php?rest_route=\/wp\/v2\/product\/348","targetHints":{"allow":["GET"]}}],"collection":[{"href":"https:\/\/vinhpharma.com\/index.php?rest_route=\/wp\/v2\/product"}],"about":[{"href":"https:\/\/vinhpharma.com\/index.php?rest_route=\/wp\/v2\/types\/product"}],"replies":[{"embeddable":true,"href":"https:\/\/vinhpharma.com\/index.php?rest_route=%2Fwp%2Fv2%2Fcomments&post=348"}],"wp:featuredmedia":[{"embeddable":true,"href":"https:\/\/vinhpharma.com\/index.php?rest_route=\/wp\/v2\/media\/516"}],"wp:attachment":[{"href":"https:\/\/vinhpharma.com\/index.php?rest_route=%2Fwp%2Fv2%2Fmedia&parent=348"}],"wp:term":[{"taxonomy":"product_brand","embeddable":true,"href":"https:\/\/vinhpharma.com\/index.php?rest_route=%2Fwp%2Fv2%2Fproduct_brand&post=348"},{"taxonomy":"product_cat","embeddable":true,"href":"https:\/\/vinhpharma.com\/index.php?rest_route=%2Fwp%2Fv2%2Fproduct_cat&post=348"},{"taxonomy":"product_tag","embeddable":true,"href":"https:\/\/vinhpharma.com\/index.php?rest_route=%2Fwp%2Fv2%2Fproduct_tag&post=348"}],"curies":[{"name":"wp","href":"https:\/\/api.w.org\/{rel}","templated":true}]}}